{"id":19,"date":"2019-07-10T10:34:12","date_gmt":"2019-07-10T08:34:12","guid":{"rendered":"http:\/\/s646654152.onlinehome.fr\/ndgwp\/?page_id=19"},"modified":"2019-07-31T16:27:13","modified_gmt":"2019-07-31T14:27:13","slug":"hotellerie","status":"publish","type":"page","link":"http:\/\/s646654152.onlinehome.fr\/ndgwp\/hotellerie\/","title":{"rendered":"H\u00f4tellerie"},"content":{"rendered":"<p><img loading=\"lazy\" decoding=\"async\" class=\"size-full wp-image-72 alignright\" src=\"http:\/\/s646654152.onlinehome.fr\/ndgwp\/wp-content\/uploads\/2019\/07\/salle_a_manger.jpg\" alt=\"\" width=\"260\" height=\"198\" \/>Le Sanctuaire Notre-Dame de Gr\u00e2ce dispose d&rsquo;une h\u00f4tellerie de 60 lits en chambres doubles avec douche et wc.<\/p>\n<p>Pour les groupes d&rsquo;enfants et de jeunes, merci de <a href=\"mailto:accueil@ndg30.fr\">nous contacter<\/a>.<\/p>\n<ul>\n<li>Salle \u00e0 manger de 96 places<\/li>\n<li><span style=\"font-size: inherit;\">Salles de r\u00e9union de 8 \u00e0 70 personnes<\/span><\/li>\n<\/ul>\n<p>Les autocars de tourisme acc\u00e8de au Sanctuaire apr\u00e8s trois virages permettant aux v\u00e9hicules de 12,50 m de circuler.<\/p>\n<p><img loading=\"lazy\" decoding=\"async\" class=\"alignnone size-medium wp-image-71\" src=\"http:\/\/s646654152.onlinehome.fr\/ndgwp\/wp-content\/uploads\/2019\/07\/chambre_monastere-300x227.jpg\" alt=\"\" width=\"300\" height=\"227\" srcset=\"http:\/\/s646654152.onlinehome.fr\/ndgwp\/wp-content\/uploads\/2019\/07\/chambre_monastere-300x227.jpg 300w, http:\/\/s646654152.onlinehome.fr\/ndgwp\/wp-content\/uploads\/2019\/07\/chambre_monastere-175x131.jpg 175w, http:\/\/s646654152.onlinehome.fr\/ndgwp\/wp-content\/uploads\/2019\/07\/chambre_monastere.jpg 413w\" sizes=\"auto, (max-width: 300px) 100vw, 300px\" \/><\/p>\n","protected":false},"excerpt":{"rendered":"<p>Le Sanctuaire Notre-Dame de Gr\u00e2ce dispose d&rsquo;une h\u00f4tellerie de 60 lits en chambres doubles avec douche et wc. Pour les groupes d&rsquo;enfants et de jeunes, [&#8230;]<\/p>\n","protected":false},"author":1,"featured_media":0,"parent":0,"menu_order":0,"comment_status":"closed","ping_status":"closed","template":"","meta":{"footnotes":""},"class_list":["post-19","page","type-page","status-publish","hentry"],"_links":{"self":[{"href":"http:\/\/s646654152.onlinehome.fr\/ndgwp\/wp-json\/wp\/v2\/pages\/19","targetHints":{"allow":["GET"]}}],"collection":[{"href":"http:\/\/s646654152.onlinehome.fr\/ndgwp\/wp-json\/wp\/v2\/pages"}],"about":[{"href":"http:\/\/s646654152.onlinehome.fr\/ndgwp\/wp-json\/wp\/v2\/types\/page"}],"author":[{"embeddable":true,"href":"http:\/\/s646654152.onlinehome.fr\/ndgwp\/wp-json\/wp\/v2\/users\/1"}],"replies":[{"embeddable":true,"href":"http:\/\/s646654152.onlinehome.fr\/ndgwp\/wp-json\/wp\/v2\/comments?post=19"}],"version-history":[{"count":4,"href":"http:\/\/s646654152.onlinehome.fr\/ndgwp\/wp-json\/wp\/v2\/pages\/19\/revisions"}],"predecessor-version":[{"id":217,"href":"http:\/\/s646654152.onlinehome.fr\/ndgwp\/wp-json\/wp\/v2\/pages\/19\/revisions\/217"}],"wp:attachment":[{"href":"http:\/\/s646654152.onlinehome.fr\/ndgwp\/wp-json\/wp\/v2\/media?parent=19"}],"curies":[{"name":"wp","href":"https:\/\/api.w.org\/{rel}","templated":true}]}}